-2)/6 - (-406)/f. What is the highest common divisor of p and 15?
15
Let k(j) = j + 3. Let s be k(16). What is the highest common factor of s and 190?
19
Suppose -k + 5 + 1 = 0. Let o be 98*(2 - 21/k). Let t be ((-7)/3)/(7/o). What is the greatest common divisor of t and 7?
7
Suppose 0 = 4*k - 5*h - 29 - 44, -h = 5. Calculate the greatest common divisor of 36 and k.
12
Let d be 29 + 23/7 + 30/(-105). Calculate the highest common divisor of 16 and d.
16
Let m = -19 + 87. What is the highest common factor of 17 and m?
17
Let u(k) = -21*k - 1. Let h be u(-1). Calculate the highest common divisor of h and 5.
5
Suppose -5*v - 4 = -5*h + 6, -v = 5*h + 2. Suppose -5*l = -h - 15. Let s = -2 + 3. What is the highest common factor of s and l?
1
Suppose -m + 19 = 2*w - 5*w, 0 = 2*m + 2*w - 38. Let k(u) = -37*u**3 + 2*u**2 + u. Let i be k(-1). Calculate the greatest common factor of m and i.
19
Suppose -3*h = -33 - 3. Let f be (10 - 18)*(-1 - 0). What is the highest common factor of h and f?
4
Suppose -d = 3*d - 20. Suppose d = 2*r + 1. Suppose -4*v + 60 = r*l + 18, 2*l = 3*v - 21. Calculate the highest common divisor of v and 1.
1
Let u(o) = -o**3 - 4*o**2 + 4*o - 2. Let v be u(-5). What is the greatest common factor of 27 and v?
3
Let v = -37 + 45. What is the greatest common divisor of v and 48?
8
Let z(w) = 189*w - 1. Let s be z(2). Suppose -44 = -v + 2*m + 51, -4*v = -5*m - s. Let x = v + -3. What is the highest common divisor of 10 and x?
10
Suppose 0 = -h + 3*h - 42. What is the greatest common divisor of h and 7?
7
Suppose 0 = a + 2*a - 18. Suppose -2 = 2*g + 4. Let f be (1 - 0)*g + 12. What is the highest common divisor of f and a?
3
Suppose 4*g + 30 = -2*t + g, 2*t + 6 = 3*g. Suppose -2*w - 15 + 3 = 0. Let k be -42*(-2 + t/w). Calculate the highest common divisor of k and 7.
7
Let l = 62 - 40. What is the greatest common divisor of l and 55?
11
Suppose u + 19 = -6. Let z = u - -49. What is the highest common factor of 3 and z?
3
Let n = -41 + 69. Suppose -5*t + 102 = -n. Calculate the highest common factor of t and 104.
26
Suppose 85 - 31 = 3*s. Let h(r) = r**2 + r - 3. Suppose 4*w - 5*y - 15 = 7, 0 = -w + 2*y + 7. Let j be h(w). Calculate the greatest common factor of j and s.
9
Let o(m) = 6*m - 3. Let j(w) = w + 1. Let i(t) = 5*j(t) - o(t). Let d be i(-6). Calculate the greatest common divisor of d and 14.
14
Suppose -4*b + 165 = 3*q, -4*b + 287 = -4*q + 87. Calculate the greatest common factor of 9 and b.
9
Let n be (4 - 1)*(-611)/(-39). Calculate the highest common divisor of n and 235.
47
Let a be (9/(-6))/(3/(-4))*4. What is the highest common divisor of a and 28?
4
Suppose 0 = 2*u + 10, 0 = -0*t + t + 5*u + 30. Let b = t + 7. Suppose -2*c + 2 = -b. What is the highest common factor of c and 8?
2
Let q = -67 - -133. What is the greatest common factor of q and 22?
22
Let u = 14 - 11. Suppose u*p + 2*h - 83 = -4, -115 = -5*p + 5*h. What is the highest common divisor of 175 and p?
25
Let j = 14 + -9. Suppose w - 68 = -5*c, c + 60 = 6*c + j*w. What is the greatest common factor of 14 and c?
14
Suppose -w - 5*u - 24 = -2*w, 3*w + u = 8. Let n = -4 + 103. Suppose -w*f = 3*a - 42 - n, -170 = -5*f - 5*a. What is the highest common factor of f and 13?
13
Let x(o) = o**3 + o + 12. Let h be x(0). Suppose k + 2*k = h. Suppose k = 3*j - 2*j. What is the greatest common divisor of j and 4?
4
Suppose -5*h + 0*h + 1055 = 0. Suppose -o = -3*d + 221, -3*d - o + h = -0*o. Suppose 5*j - d + 2 = 0. Calculate the greatest common factor of j and 98.
14
Suppose -n - 3*f = -12, -3*f - 12 = -3*n + 24. Calculate the highest common divisor of n and 60.
12
Suppose -3*m = 2*s - 5, -3*m - 7 = -4*s + 12. Suppose 0 = s*z - 87 - 9. Let f be 0 + 0/2 + 36. Calculate the highest common factor of z and f.
12
Suppose 4*d = -3*z - 0*z + 35, 0 = -d + 5*z - 20. Suppose d*g + t = 4*t + 455, 5*g + 2*t = 430. Calculate the greatest common factor of 8 and g.
8
Suppose 0 = -3*p + 7*p + 3*c - 537, 132 = p + 3*c. What is the highest common divisor of p and 54?
27
Let u(s) = -s**3 - 4*s**2 - s + 1. Let i be u(-4). Suppose 59 = i*l - 431. Suppose l = 5*v + 8. Calculate the greatest common divisor of v and 45.
9
Let a be 1*(-2)/4*-50. What is the highest common factor of 175 and a?
25
Suppose -4 = -2*t + 6. Let q be t/((-10)/(-102)) - -3. What is the highest common divisor of 18 and q?
18
Let j = 108 - 51. Let g be (-2)/15 - (-122)/15. Let u = g + 11. What is the greatest common factor of u and j?
19
Let w = -43 - -103. Calculate the highest common factor of w and 15.
15
Let w be (2 + (-137)/2)/((-14)/28). Calculate the highest common factor of 19 and w.
19
Suppose 0*s = -s + 66. Calculate the highest common divisor of s and 11.
11
Let l = -128 - -206. Calculate the highest common divisor of 117 and l.
39
Let k be (109 + 1)/(12/18). Calculate the greatest common divisor of k and 15.
15
Suppose -3*j - 20 = 2*j, -3*f + 106 = 5*j. Calculate the highest common factor of f and 6.
6
Suppose -30*t = -37*t + 714. What is the greatest common factor of 255 and t?
51
Let a be (4 + 16)*20/25. What is the greatest common factor of 176 and a?
16
Let k be (-153)/(-5) - 4/(-10). Let s be -5 - (10/(-2) + -124). Calculate the greatest common divisor of k and s.
31
Suppose 0*s = -3*s - 30. Let f be s/15*45/(-2). What is the greatest common factor of 165 and f?
15
Let c = 34 - -37. Suppose -g = -c + 7. Let m be (-82)/(-10) - 10/50. Calculate the highest common factor of m and g.
8
Let n be -63*(-20)/(-6)*8/(-10). What is the highest common factor of n and 24?
24
Let g be (-2 + 2)/(2 - 3). Suppose -3*i + 3 + 0 = g. What is the greatest common divisor of 6 and i?
1
Let d = 8 - -18. Calculate the greatest common factor of 26 and d.
26
Let p = -198 - -303. Calculate the greatest common factor of 15 and p.
15
Let z(y) = 15*y**2 - 2*y - 1. Let k be z(-1). Let t be (-27)/(-72) + 762/k. Calculate the greatest common factor of t and 6.
6
Suppose -5*g - 15 = -2*v, -6*v + 2*v = -5*g - 35. Let r be 4/32 + 638/16. Calculate the greatest common divisor of r and v.
10
Let m be ((-11)/(-2))/(3/114). Let v be -3 + 3 - 3 - -4. Let j = 18 + v. Calculate the greatest common divisor of j and m.
19
Suppose -3*a + 4*t = -7*a + 152, -4*t = -4*a + 184. What is the highest common factor of a and 56?
14
Let i = -21 + 5. Let z be 1491/45 - 6/45. Let a = z + i. Calculate the greatest common factor of 51 and a.
17
Suppose p + u - 2 = 0, -u + 14 = 2*p - 5*p. Let q be p + ((-4)/2)/(-1). Let a be -2 - -11 - (-1 + q). Calculate the greatest common factor of a and 11.
11
Let j(o) = 7*o**3 + o**2 - 2*o + 2. Let k be j(1). Calculate the greatest common factor of k and 24.
8
Suppose 2*g - 7*g = -575. What is the greatest common factor of g and 46?
23
Let m = 35 + -56. Let a = -11 - m. Calculate the greatest common divisor of a and 90.
10
Let n be (0 - -31) + (2 - 1). Let c = 111 - 103. Calculate the greatest common factor of c and n.
8
Suppose x - 43 = -q, -5*x + 0*q + 197 = -q. Suppose 0 = 3*h - 5*h + x. Calculate the greatest common divisor of h and 10.
10
Suppose -29 = -d + 43. Suppose -2*x + 0*x = -d. What is the greatest common divisor of x and 90?
18
Let n be (57/2)/(-3)*-2. Suppose 120 - 21 = 3*f. Let s = f - n. Calculate the greatest common divisor of 126 and s.
14
Let v = 56 - 85. Let m = v + 101. What is the highest common factor of m and 18?
18
Let t(a) = 7*a - 17. Let n be t(11). What is the highest common divisor of 20 and n?
20
Suppose -3*t - 6*a + 42 = -3*a, -3*a - 3 = -2*t. Let g be (78/t)/(1/3). Suppose 4 = 5*f - g. Calculate the greatest common factor of f and 18.
6
Suppose 3*q - 8 = 7. Let j(r) = -r**2 + 6*r - 4. Let z be j(q). What is the highest common divisor of z and 3?
1
Suppose a + 0*a - 15 = 2*s, -10 = -2*a. Let j be 66 + (s + 3)/2. What is the greatest common factor of 13 and j?
13
Let x be (2*9)/2 + 1. Suppose -5*k + 546 = -a, 2*k - 140 - 72 = 2*a. What is the highest common divisor of k and x?
10
Let n be 29/4 - (-2)/(-8). Let y(l) = 0*l - n*l**2 - 2 - 3*l - 1 - l**3. Let i be y(-7). Calculate the highest common factor of 6 and i.
6
Suppose 30 = -r + 6*r. Suppose r*g - 2*g - 5*d - 93 = 0, 3*g - d = 56. Calculate the highest common divisor of g and 102.
17
Let j = 98 - 84. What is the highest common divisor of 42 a